ctors of 44869.
11, 4079
List the prime factors of 9494.
2, 47, 101
What are the prime factors of 15273?
3, 1697
List the prime factors of 3105.
3, 5, 23
What are the prime factors of 2135?
5, 7, 61
What are the prime factors of 2206?
2, 1103
What are the prime factors of 2098?
2, 1049
List the prime factors of 3716.
2, 929
List the prime factors of 1026.
2, 3, 19
List the prime factors of 24744.
2, 3, 1031
What are the prime factors of 23503?
19, 1237
List the prime factors of 18343.
13, 17, 83
List the prime factors of 558.
2, 3, 31
What are the prime factors of 9967?
9967
List the prime factors of 54414.
2, 3, 3023
List the prime factors of 41529.
3, 109, 127
What are the prime factors of 30594?
2, 3, 5099
What are the prime factors of 12612?
2, 3, 1051
What are the prime factors of 1324?
2, 331
What are the prime factors of 623?
7, 89
List the prime factors of 64178.
2, 32089
List the prime factors of 2888.
2, 19
What are the prime factors of 2847?
3, 13, 73
List the prime factors of 492.
2, 3, 41
List the prime factors of 16629.
3, 23, 241
List the prime factors of 838.
2, 419
List the prime factors of 24299.
11, 47
List the prime factors of 5255.
5, 1051
List the prime factors of 37010.
2, 5, 3701
What are the prime factors of 205?
5, 41
List the prime factors of 958.
2, 479
What are the prime factors of 38400?
2, 3, 5
List the prime factors of 3166.
2, 1583
What are the prime factors of 836?
2, 11, 19
List the prime factors of 1528.
2, 191
What are the prime factors of 17118?
2, 3, 317
List the prime factors of 66377.
66377
List the prime factors of 385.
5, 7, 11
What are the prime factors of 16168?
2, 43, 47
What are the prime factors of 10953?
3, 1217
What are the prime factors of 44253?
3, 11, 149
List the prime factors of 96111.
3, 59, 181
What are the prime factors of 949?
13, 73
List the prime factors of 102.
2, 3, 17
List the prime factors of 13414.
2, 19, 353
What are the prime factors of 199049?
199049
What are the prime factors of 1383?
3, 461
What are the prime factors of 36267?
3, 7, 11, 157
List the prime factors of 1262.
2, 631
List the prime factors of 1496.
2, 11, 17
What are the prime factors of 753?
3, 251
What are the prime factors of 10058?
2, 47, 107
What are the prime factors of 4386?
2, 3, 17, 43
List the prime factors of 58896.
2, 3, 409
What are the prime factors of 2770?
2, 5, 277
What are the prime factors of 2257?
37, 61
What are the prime factors of 20562?
2, 3, 23, 149
What are the prime factors of 144676?
2, 7, 5167
List the prime factors of 14824.
2, 17, 109
What are the prime factors of 9559?
11, 79
What are the prime factors of 120631?
7, 19, 907
List the prime factors of 32401.
32401
What are the prime factors of 475?
5, 19
What are the prime factors of 12861?
3, 1429
What are the prime factors of 18384?
2, 3, 383
List the prime factors of 9657.
3, 29, 37
What are the prime factors of 7610?
2, 5, 761
List the prime factors of 604.
2, 151
What are the prime factors of 712?
2, 89
What are the prime factors of 107958?
2, 3, 19, 947
What are the prime factors of 1148?
2, 7, 41
What are the prime factors of 16093?
7, 11, 19
List the prime factors of 162.
2, 3
What are the prime factors of 35820?
2, 3, 5, 199
List the prime factors of 41139.
3, 7, 653
List the prime factors of 1259.
1259
What are the prime factors of 8068?
2, 2017
List the prime factors of 439.
439
What are the prime factors of 1780?
2, 5, 89
What are the prime factors of 2600?
2, 5, 13
What are the prime factors of 1241?
17, 73
What are the prime factors of 499?
499
What are the prime factors of 614?
2, 307
What are the prime factors of 609?
3, 7, 29
List the prime factors of 6482.
2, 7, 463
What are the prime factors of 3235?
5, 647
What are the prime factors of 2025?
3, 5
What are the prime factors of 18178?
2, 61, 149
List the prime factors of 4154.
2, 31, 67
What are the prime factors of 64038?
2, 3, 13, 821
List the prime factors of 454.
2, 227
What are the prime factors of 2656?
2, 83
What are the prime factors of 73130?
2, 5, 71, 103
List the prime factors of 1575.
3, 5, 7
What are the prime factors of 14333?
11, 1303
List the prime factors of 845.
5, 13
What are the prime factors of 8609?
8609
What are the prime factors of 823?
823
List the prime factors of 7907.
7907
What are the prime factors of 180?
2, 3, 5
What are the prime factors of 2426?
2, 1213
What are the prime factors of 613?
613
What are the prime factors of 75798?
2, 3, 4211
List the prime factors of 352.
2, 11
List the prime factors of 310.
2, 5, 31
List the prime factors of 2595.
3, 5, 173
List the prime factors of 688.
2, 43
What are the prime factors of 9828?
2, 3, 7, 13
List the prime factors of 6044.
2, 1511
What are the prime factors of 5310?
2, 3, 5, 59
List the prime factors of 24427.
13, 1879
List the prime factors of 49.
7
What are the prime factors of 3862?
2, 1931
What are the prime factors of 13344?
2, 3, 139
List the prime factors of 4084.
2, 1021
What are the prime factors of 975?
3, 5, 13
List the prime factors of 8271.
3, 919
What are the prime factors of 10025?
5, 401
List the prime factors of 3847.
3847
List the prime factors of 110191.
101, 1091
What are the prime factors of 909?
3, 101
What are the prime factors of 4136?
2, 11, 47
List the prime factors of 24152.
2, 3019
What are the prime factors of 6458?
2, 3229
What are the prime factors of 4584?
2, 3, 191
List the prime factors of 10835.
5, 11, 197
What are the prime factors of 69524?
2, 7, 13, 191
What are the prime factors of 763?
7, 109
List the prime factors of 31460.
2, 5, 11, 13
What are the prime factors of 4195?
5, 839
List the prime factors of 6696.
2, 3, 31
What are the prime factors of 20960?
2, 5, 131
What are the prime factors of 1034?
2, 11, 47
List the prime factors of 30784.
2, 13, 37
What are the prime factors of 29681?
67, 443
What are the prime factors of 932?
2, 233
What are the prime factors of 1770?
2, 3, 5, 59
List the prime factors of 1219.
23, 53
What are the prime factors of 86122?
2, 17, 149
What are the prime factors of 1718?
2, 859
List the prime factors of 2903.
2903
What are the prime factors of 17447?
73, 239
List the prime factors of 85499.
193, 443
List the prime factors of 2310.
2, 3, 5, 7, 11
What are the prime factors of 1747?
1747
What are the prime factors of 2925?
3, 5, 13
What are the prime factors of 5759?
13, 443
What are the prime factors of 9950?
2, 5, 199
List the prime factors of 44541.
3, 7, 101
What are the prime factors of 453?
3, 151
What are the prime factors of 26195?
5, 13, 31
What are the prime factors of 35604?
2, 3, 23, 43
List the prime factors of 1335.
3, 5, 89
List the prime factors of 667.
23, 29
What are the prime factors of 2737?
7, 17, 23
What are the prime factors of 5131?
7, 733
List the prime factors of 2076.
2, 3, 173
List the prime factors of 3789.
3, 421
List the prime factors of 11690.
2, 5, 7, 167
List the prime factors of 109263.
3, 7, 11, 43
List the prime factors of 1885.
5, 13, 29
List the prime factors of 16189.
16189
What are the prime factors of 1422?
2, 3, 79
List the prime factors of 15641.
15641
List the prime factors of 67045.
5, 11, 23, 53
List the prime factors of 68675.
5, 41, 67
What are the prime factors of 3803?
3803
List the prime factors of 2838.
2, 3, 11, 43
List the prime factors of 911.
911
List the prime factors of 8479.
61, 139
What are the prime factors of 13134?
2, 3, 11, 199
What are the prime factors of 32123?
7, 13, 353
List the prime factors of 28416.
2, 3, 37
List the prime factors of 4874.
2, 2437
List the prime factors of 48658.
2, 24329
What are the prime factors of 148736?
2, 7, 83
What are the prime factors of 2329?
17, 137
List the prime factors of 1351.
7, 193
What are the prime factors of 25683?
3, 7, 1223
What are the prime factors of 582?
2, 3, 97
What are the prime factors of 1022?
2, 7, 73
List the prime factors of 1691.
19, 89
List the prime factors of 9856.
2, 7, 11
What are the prime factors of 6102?
2, 3, 113
List the prime factors of 2625.
3, 5, 7
What are the prime factors of 1532?
2, 383
List the prime factors of 2262.
2, 3, 13, 29
What are the prime factors of 51?
3, 17
List the prime factors of 14231.
7, 19, 107
List the prime factors of 6415.
5, 1283
What are the pr